*u**2 - 10*u. Let s(t) = -5*h(t) + 7*v(t). Determine s(w).
3
Let d(m) = m**3 - m**2 - m - 8. Suppose 12*u = 10*u. Give d(u).
-8
Let j(y) = y - 6. Suppose -5*r + 94 - 54 = 0. Determine j(r).
2
Let v(a) be the third derivative of -a**4/24 + a**3/6 - 2*a**2. Let y be 3/(-2 - 1) + 5. Calculate v(y).
-3
Let g(z) = 2*z + 35. Let t(d) = d + 17. Let f(c) = -3*g(c) + 7*t(c). Suppose 0*j = -3*j + 5*u - 8, -u + 10 = -2*j. Give f(j).
8
Let n(z) = 3*z. Let w(q) = -q. Let p(k) = 3*n(k) + 8*w(k). Let c(x) = -x**3 - 16*x**2 - 16*x - 17. Let g be c(-15). What is p(g)?
-2
Let i(h) be the first derivative of -3*h**2 + 5 - 3*h - 1/3*h**3. What is i(-4)?
5
Let g(c) = -5*c**3 + 28*c**2 + 13*c + 17. Let j(m) = m**3 - 7*m**2 - 3*m - 4. Let r(x) = -2*g(x) - 9*j(x). Determine r(-7).
-5
Let h be 7/35 - 4/(-5). Let v be h*(4/1 + -4). Let r(n) = n - 2. Give r(v).
-2
Let s(j) = -3*j + 3. Let p(l) be the second derivative of 2*l**3/3 - 2*l**2 + 3*l. Let y(v) = 5*p(v) + 6*s(v). What is y(3)?
4
Suppose 2*h = 7 - 1. Let t(r) = -h*r**2 + 8*r**3 + r**2 + 2*r**2 + r - r**2. Calculate t(1).
8
Let u(w) = -2 + 0*w**3 - 5*w**2 + 2*w**2 + w**3. Determine u(4).
14
Let h = -9 + 3. Let k be -8 + 3/((-9)/h). Let r(m) = m**3 + 5*m**2 - 7*m - 8. Determine r(k).
-2
Let m(y) = y - 3. Let x(f) = 1. Let v(q) = m(q) + 2*x(q). Let d = 10 + -16. What is v(d)?
-7
Let p(l) be the first derivative of -l**3/3 + 2*l**2 + 7*l - 1. Suppose 1 + 3 = -m. Let x = m + 9. What is p(x)?
2
Let p(a) be the second derivative of 0 - 2*a + 0*a**2 - 1/20*a**5 - 1/3*a**3 - 1/3*a**4. Let c be 0/2 + 0 + -3. Determine p(c).
-3
Let r(f) be the third derivative of -f**5/30 + f**4/24 + f**3/6 + 2*f**2. Determine r(-1).
-2
Let g(j) = j**2 + 3*j - 2. Suppose -4*o - 3*x + x = 6, 2*x - 21 = 5*o. Calculate g(o).
-2
Let a(o) = o**3 - o**2 - o + 4. Suppose 4*p = 2*p - 22. Let m = p - -11. Determine a(m).
4
Let r(a) be the third derivative of -a**9/60480 + a**8/6720 + a**7/1260 + a**6/240 - a**5/60 - 8*a**2. Let t(w) be the third derivative of r(w). What is t(4)?
3
Let w(p) = -p**2 - 3*p + 2. Let n be w(-5). Let c(k) = k**2 + 13*k + 9. Let j(b) = -b**2 - 14*b - 9. Let r(o) = 5*c(o) + 4*j(o). Determine r(n).
1
Let b(u) = u**3 + 4*u**2 + 2*u + 2. Let m be b(-3). Let p(t) be the third derivative of t**4/24 - t**3/6 + 2*t**2. Determine p(m).
4
Let y(i) be the second derivative of i**4/12 + i**3/6 - i**2/2 + 3*i. Give y(-2).
1
Let b(s) = -s**3 - s**2 - 2. Let w be (3 - 93/33) + 6/(-33). Calculate b(w).
-2
Suppose -9*o = 4 + 14. Let b(z) = 5*z**2 - 2*z - 1. Give b(o).
23
Let u(s) = s**3 + s**2 - 8*s - 6. Let h(w) = 2*w**3 + w**2 - 15*w - 11. Let a(b) = -4*h(b) + 7*u(b). Let i be -8 - (3 - 2 - 0). Let z = 13 + i. Calculate a(z).
2
Let m = 6 - -9. Suppose s = 6*s - m. Let g(b) = -b**2 + 3*b - 3. Give g(s).
-3
Let h(j) = 11*j**2 - 2*j + 1. Let k be 6 + (-9)/3 + 1. Let w(v) = v**2 + v - 1. Let y be w(-2). Suppose k*x = 3*x + y. What is h(x)?
10
Let y(m) = -2*m + 5. Let a = 6 + -9. Suppose x - 5 = -3*l + 4*l, -12 = -4*x. Let k be l/(-2) + 2 - a. What is y(k)?
-7
Let f(y) = -y + 7. Suppose 7*p = 4*p - 12, 2*p + 4 = -s. Let a(d) = 2*d - 3. Let m be a(s). What is f(m)?
2
Let n(v) = -v**3 + 3*v**2 + 7*v - 2. Let w(c) = 2*c**3 - 6*c**2 - 15*c + 3. Let a(t) = -5*n(t) - 2*w(t). Give a(4).
0
Let z(c) be the first derivative of 7 - 1/3*c**3 + 1/2*c**2 + 0*c. Calculate z(2).
-2
Let j(m) be the third derivative of 1/4*m**4 + 1/2*m**3 + m**2 - 1/60*m**5 + 0*m + 0. Let v be 2/(-3) + 100/15. Give j(v).
3
Let m(j) be the first derivative of j**2/2 - 4. Calculate m(7).
7
Let a(s) = s**2 + 8*s + 9. Let n be a(-7). Let u(x) = -5*x**2 + 4*x**n + 7*x + 1 - 3 + 5. Calculate u(6).
9
Let p(z) be the third derivative of z**4/12 - z**2. Suppose 104*m - 9 = 101*m. Determine p(m).
6
Let f(a) = -a**2 - 5*a + 5. Let g be (4/(-6))/((-8)/(-60)). What is f(g)?
5
Let m(k) = k**2 - 7*k - 1. Let f(w) = w**2 - w. Let y(l) = 6*f(l) - m(l). Give y(-1).
5
Let k(w) be the second derivative of w**5/20 - 5*w**4/12 + w**3/2 - 3*w**2 - 7*w. What is k(4)?
-10
Let o(p) = -p. Let w(d) = d**2 + 6*d + 1. Let r(l) = -5*o(l) - w(l). What is r(-2)?
-3
Let b(c) be the first derivative of c**2 - 18. Calculate b(-4).
-8
Let f be (-2)/1 + -8 + -1. Let r = f - -7. Let c be ((-8)/4)/(r/(-10)). Let w(z) = z**3 + 4*z**2 - 5*z - 2. Calculate w(c).
-2
Suppose 2*a - 5 = -b, -4*b + 0*b + 3*a = -9. Suppose -b*f - 2*f = 0. Let c(i) = 0*i + f*i + 2*i - 2. Determine c(5).
8
Let o(w) = -3*w + w - 1 + w - 4*w**2. Give o(-1).
-4
Suppose 31 = 2*v + 11. Suppose 2 = -4*w + v. Let k(l) = -w - 1 + 6 - 3*l. Give k(2).
-3
Let g(j) = j - 7. Let f be g(3). Let r(y) = -y**3 - 3*y**2 + 3*y - 1. Let l be r(f). Let a(z) = -4*z. Calculate a(l).
-12
Let s(i) = 9*i**2 - i. Suppose -k + 2*k + 4*v = -1, -2 = 2*k + 5*v. Give s(k).
10
Suppose -5*s = 5 - 15. Let k(y) = -s*y**3 + y + 2*y - y**2 + y**3. Calculate k(-3).
9
Suppose 12 - 4 = 4*u. Suppose 0 = -u*s - 2*s. Let f(b) = s*b + 4 + 1 + b + 4*b**2 + b**3. Calculate f(-4).
1
Let q(m) be the second derivative of 1/12*m**4 - 11/2*m**2 - 1/20*m**5 + 4*m + 0*m**3 + 0. What is q(0)?
-11
Let o(u) = 3 - 7*u - 11 + 6*u + 2*u. Let x(w) be the third derivative of -w**6/120 - w**5/20 - w**4/24 + w**3/6 - w**2. Let n be x(-3). What is o(n)?
-4
Let t(g) = g**3 + 5*g**2 - g - 3. Suppose 5*c = 10 - 5. Let r = -6 + c. What is t(r)?
2
Let h(i) be the first derivative of -i**6/120 + i**5/20 + i**3/2 + 3*i**2/2 + 4. Let v(m) be the second derivative of h(m). Give v(3).
3
Let s(k) = k + 1. Let u(t) = t**2 + 7*t - 5. Let d(a) = -a**2 - 4*a + 3. Let h(r) = -5*d(r) - 3*u(r). Let z be h(2). Calculate s(z).
7
Let a(c) be the first derivative of 3*c**2/2 - 3*c - 1. Let t be a(3). Let g(b) = b - 10. What is g(t)?
-4
Suppose 0 = 2*b - 3*j - 23, -b + 4*b - j = 17. Let f be (-5)/(-2) - (-3)/6. Let i(u) = -6 - 2*u**3 + f*u**3 - 2*u**2 - 3*u**2 + 3*u. Give i(b).
-10
Let x = 4 + -2. Suppose u + x*u - 9 = 0. Let h(f) be the second derivative of -f**3/6 + f**2/2 + 3*f. What is h(u)?
-2
Let k(x) = -7. Let n(y) = -y - 8. Suppose 0*f = -c + 5*f + 20, -2*c + 7 = f. Let a(u) = c*k(u) - 4*n(u). What is a(3)?
9
Suppose -4 = v - 2*v. Suppose 6 = -v*j + 2*j. Let p(l) = l**3 + l**2 - 5*l - 2. What is p(j)?
-5
Let s(b) = 1 + 0 + 1 - 1. Let n(x) = -x**3 - 4*x**2. Suppose 0 = 3*w - 0 - 15. Let c(i) = w*s(i) + n(i). Give c(-4).
5
Let m(x) = x**2 - 9*x - 13. Let w be 3 - (5 - 5) - -7. Give m(w).
-3
Let u(x) = -x**2 + 12*x - 14. Let t be u(10). Let z(q) = 3*q - 2 - 5*q + t + 0. Give z(5).
-6
Let i(c) = -c**3 + 4*c**2 + 7*c - 1. Let s(b) = 3*b + b**2 + 1 - b**2 + 2*b**2 - 2. Let m be s(-3). Let d be 30/4*m/12. Determine i(d).
9
Suppose -17 + 61 = 4*s. Let d = 14 - s. Let p(y) = -2*y - 1. Calculate p(d).
-7
Let w(y) = 3*y - 3. Suppose -5*l = -4*m - 7, -4*m + 20 = -0*m + 4*l. Let p = 7 - m. Let v(f) = f - 1. Let d be v(p). Give w(d).
9
Suppose p + 2*p + 9 = 0. Let f = 1 + p. Let a = f + 1. Let r(t) = 4*t**3 + t. What is r(a)?
-5
Suppose -3*k + m + 13 = 0, -m = -0*m - 2. Let z(r) = r**3 - 4*r**2 - 3*r - 6. Let q be z(k). Let s(f) = -f**3 + 4*f**2 - 2. Calculate s(q).
-2
Let q be (-45)/(-75) + (-6)/10. Let i(h) = -h**3 + h - 14. Calculate i(q).
-14
Let v(w) = w - 10. Suppose -3*m + 3*n = 0, 3*m - 7*m + 10 = -2*n. Calculate v(m).
-5
Let h(f) = f - 5. Suppose -5*v = 4*b + 27, -2*b - 6 = 3*b - 3*v. Let d be 0 + (b - 1/(-1)). Let o be (0/(d/(-1)))/(-2). Determine h(o).
-5
Let s(y) = -y**2 + y - 4. Let x(u) = 2*u**2 - 2*u + 7. Let c(l) = 5*s(l) + 3*x(l). Calculate c(0).
1
Suppose 2*v - 19 = -3. Suppose -v*z = -6*z - 2. Let c(j) = -j**2 + z + 6*j - 3 - 3*j + 0*j. What is c(3)?
-2
Suppose -2 = o + 3. Let s(r) = -r - 9. Let f be s(o). Let d(t) = t. What is d(f)?
-4
Let g(i) = 5*i**2 - 6. Let z(b) = b**2 - 1. Let o(s) = g(s) - 4*z(s). Let y(h) = h**2 - h + 2. Let q be y(2). Suppose t + q = 1. Determine o(t).
7
Let d(y) be the second derivative of -3/2*y**3 + 0 - 1/12*y**4 - 7/2*y**2 - 5*y. Give d(-7).
7
Suppose 18 = -5*s - 22. Let m = -4 - s. Let i(c) = -2*c + 2. Determine i(m).
-6
Let w(l) = l + 4. Let g(z) be the third derivative of -1/120*z**6 + 0*z**3 + 0 - 7/60*z**5 - 2*z**2 + 0*z + 0*z**4. Let o be g(-7). Determine w(o).
4
Let b(z) = 4*z**3 - 3*z**2 + 6*z + 7. Let y(q) = q**3 + q + 1. Let i(m) = b(m) - 5*y(m). Let j(k) = k**3 + 3*k**